{"id":131,"date":"2010-03-16T14:59:24","date_gmt":"2010-03-16T14:59:24","guid":{"rendered":"https:\/\/www.k3-verein.at\/?page_id=131"},"modified":"2024-12-04T08:58:05","modified_gmt":"2024-12-04T07:58:05","slug":"vereinsprofil","status":"publish","type":"page","link":"https:\/\/www.k3-verein.at\/?page_id=131","title":{"rendered":"Vereinsprofil"},"content":{"rendered":"<p><strong>WIE ALLES BEGANN UND WOHIN ES F\u00dcHRTE<\/strong><\/p>\n<p>Im Jahr 2009 feierte die Marktgemeinde Judendorf-Stra\u00dfengel ihr 100-j\u00e4hriges Bestehen. Anl\u00e4sslich dieses Jubil\u00e4ums fanden sich Marion Fabianek, Andreas Braunendal und Robert Preis zusammen,<br \/>\num gemeinsam mit anderen Autorinnen und Autoren im Auftrag der Gemeinde Geschichte, Geschichten und G\u2018schichterln in Buchform zusammenzusammeln.<br \/>\nAus dieser Kooperation entstand die Idee zu K3: ein Verein, der das Kulturleben der damals durchwegs l\u00e4ndlichen Gemeinde um einen urbaneren Ansatz bereichern sollte. Schnell waren mit Andreas<br \/>\nFabianek, Gottfried Reyer, Stefan Koller und Christian Strobl weitere Mitstreiter gefunden und K3 wurde als Verein f\u00fcr Kunst, Kultur und Kommunikation Wirklichkeit.<br \/>\nNoch vor der offiziellen Vereinsgr\u00fcndung veranstaltete die Gemeinde, initiiert von Bgm. Harald Mulle, basierend auf einer Idee und durchgef\u00fchrt von Marion und Andreas Fabianek, die ersten Stra\u00dfengler<br \/>\nHerbstkl\u00e4nge \u2013 ein Projekt, dessen wir uns konzeptionell annahmen und das wir bis heute weiterf\u00fchren.<\/p>\n<p>Als zweites Langzeitprojekt entstand ein Jahr sp\u00e4ter das Stra\u00dfengler Literaturfestival, befeuert von Robert Preis als Kurator, der so etwas &#8222;immer schon haben wollte&#8220;. Von der Literatur als eigenem SChwerpunkt haben wir uns inzwischen verabschiedet. In der Gemeinde gibt es seit wenigen Jahren ein Generationenhaus, in dem auch ein Integrationscaf\u00e9 und eine B\u00fccherei angeschlossen sind &#8211; hier sind Lesungen wesentlich besser aufgehoben.<\/p>\n<p>Auch das Team hat ge\u00e4ndert. Von den Gr\u00fcndern sind nur noch Andreas Braunendal und Gottfried Reyer dabei. Wie das halt im Laufe der Zeit so ist: Interessen \u00e4ndern sich, Wohnsitze werden verlegt, neue Projekte entstehen. Daf\u00fcr sind Lisa und Dr. Andrea Braunendal nachger\u00fcckt: Zwei, die von Anfang ab im Hintergrund intensiv mitgearbeitet haben. Was sich nicht ge\u00e4ndert hat ist die Freude daran, Kultur zu pr\u00e4sentieren und spannende Zug\u00e4nge abseits von Scheuklappen und Schubladen zu erfinden.<\/p>\n<p>F\u00fcr das K3-Team<br \/>\nAndreas Braunendal, Obmann<\/p>\n","protected":false},"excerpt":{"rendered":"<p>WIE ALLES BEGANN UND WOHIN ES F\u00dcHRTE Im Jahr 2009 feierte die Marktgemeinde Judendorf-Stra\u00dfengel ihr 100-j\u00e4hriges Bestehen. Anl\u00e4sslich dieses Jubil\u00e4ums fanden sich Marion Fabianek, Andreas Braunendal und Robert Preis zusammen, um gemeinsam mit anderen Autorinnen und Autoren im Auftrag der Gemeinde Geschichte, Geschichten und G\u2018schichterln in Buchform zusammenzusammeln. Aus dieser Kooperation entstand die Idee zu [&hellip;]<\/p>\n","protected":false},"author":4,"featured_media":0,"parent":0,"menu_order":1,"comment_status":"closed","ping_status":"open","template":"","meta":{"ngg_post_thumbnail":0,"footnotes":""},"class_list":["post-131","page","type-page","status-publish","hentry"],"_links":{"self":[{"href":"https:\/\/www.k3-verein.at\/index.php?rest_route=\/wp\/v2\/pages\/131","targetHints":{"allow":["GET"]}}],"collection":[{"href":"https:\/\/www.k3-verein.at\/index.php?rest_route=\/wp\/v2\/pages"}],"about":[{"href":"https:\/\/www.k3-verein.at\/index.php?rest_route=\/wp\/v2\/types\/page"}],"author":[{"embeddable":true,"href":"https:\/\/www.k3-verein.at\/index.php?rest_route=\/wp\/v2\/users\/4"}],"replies":[{"embeddable":true,"href":"https:\/\/www.k3-verein.at\/index.php?rest_route=%2Fwp%2Fv2%2Fcomments&post=131"}],"version-history":[{"count":9,"href":"https:\/\/www.k3-verein.at\/index.php?rest_route=\/wp\/v2\/pages\/131\/revisions"}],"predecessor-version":[{"id":1433,"href":"https:\/\/www.k3-verein.at\/index.php?rest_route=\/wp\/v2\/pages\/131\/revisions\/1433"}],"wp:attachment":[{"href":"https:\/\/www.k3-verein.at\/index.php?rest_route=%2Fwp%2Fv2%2Fmedia&parent=131"}],"curies":[{"name":"wp","href":"https:\/\/api.w.org\/{rel}","templated":true}]}}

<p><strong>WIE ALLES BEGANN UND WOHIN ES FÜHRTE</strong></p>
<p>Im Jahr 2009 feierte die Marktgemeinde Judendorf-Straßengel ihr 100-jähriges Bestehen. Anlässlich dieses Jubiläums fanden sich Marion Fabianek, Andreas Braunendal und Robert Preis zusammen,<br />
um gemeinsam mit anderen Autorinnen und Autoren im Auftrag der Gemeinde Geschichte, Geschichten und G‘schichterln in Buchform zusammenzusammeln.<br />
Aus dieser Kooperation entstand die Idee zu K3: ein Verein, der das Kulturleben der damals durchwegs ländlichen Gemeinde um einen urbaneren Ansatz bereichern sollte. Schnell waren mit Andreas<br />
Fabianek, Gottfried Reyer, Stefan Koller und Christian Strobl weitere Mitstreiter gefunden und K3 wurde als Verein für Kunst, Kultur und Kommunikation Wirklichkeit.<br />
Noch vor der offiziellen Vereinsgründung veranstaltete die Gemeinde, initiiert von Bgm. Harald Mulle, basierend auf einer Idee und durchgeführt von Marion und Andreas Fabianek, die ersten Straßengler<br />
Herbstklänge – ein Projekt, dessen wir uns konzeptionell annahmen und das wir bis heute weiterführen.</p>
<p>Als zweites Langzeitprojekt entstand ein Jahr später das Straßengler Literaturfestival, befeuert von Robert Preis als Kurator, der so etwas &#8222;immer schon haben wollte&#8220;. Von der Literatur als eigenem SChwerpunkt haben wir uns inzwischen verabschiedet. In der Gemeinde gibt es seit wenigen Jahren ein Generationenhaus, in dem auch ein Integrationscafé und eine Bücherei angeschlossen sind &#8211; hier sind Lesungen wesentlich besser aufgehoben.</p>
<p>Auch das Team hat geändert. Von den Gründern sind nur noch Andreas Braunendal und Gottfried Reyer dabei. Wie das halt im Laufe der Zeit so ist: Interessen ändern sich, Wohnsitze werden verlegt, neue Projekte entstehen. Dafür sind Lisa und Dr. Andrea Braunendal nachgerückt: Zwei, die von Anfang ab im Hintergrund intensiv mitgearbeitet haben. Was sich nicht geändert hat ist die Freude daran, Kultur zu präsentieren und spannende Zugänge abseits von Scheuklappen und Schubladen zu erfinden.</p>
<p>Für das K3-Team<br />
Andreas Braunendal, Obmann</p>

<p>WIE ALLES BEGANN UND WOHIN ES FÜHRTE Im Jahr 2009 feierte die Marktgemeinde Judendorf-Straßengel ihr 100-jähriges Bestehen. Anlässlich dieses Jubiläums fanden sich Marion Fabianek, Andreas Braunendal und Robert Preis zusammen, um gemeinsam mit anderen Autorinnen und Autoren im Auftrag der Gemeinde Geschichte, Geschichten und G‘schichterln in Buchform zusammenzusammeln. Aus dieser Kooperation entstand die Idee zu [&hellip;]</p>
