{"id":26,"date":"2010-03-05T14:23:54","date_gmt":"2010-03-05T14:23:54","guid":{"rendered":"https:\/\/www.k3-verein.at\/?page_id=26"},"modified":"2024-12-04T09:14:16","modified_gmt":"2024-12-04T08:14:16","slug":"team","status":"publish","type":"page","link":"https:\/\/www.k3-verein.at\/?page_id=26","title":{"rendered":"Team"},"content":{"rendered":"<p><a href=\"https:\/\/www.k3-verein.at\/wp-content\/uploads\/andi_b.jpg\"><img loading=\"lazy\" decoding=\"async\" class=\"size-full wp-image-92 alignnone\" title=\"andi_b\" src=\"https:\/\/www.k3-verein.at\/wp-content\/uploads\/andi_b.jpg\" alt=\"\" width=\"116\" height=\"160\" \/><\/a><br \/>\n<strong>Andreas Braunendal, Obmann<br \/>\n<\/strong><em>Textarbeit, Konzeption, Projektkoordination<\/em><\/p>\n<p>Jahrgang 1962, vor gut 30 Jahren vom Journalismus in die Werbung abgewandert. Seit 20 Jahren als Textagentur selbstst\u00e4ndig mit Werbetexten und Kommunikationskonzepten f\u00fcr regionale, nationale und internationale Unternehmen. Architekturf\u00f6rderpreis der Stadt Graz (1992) ohne je Architektur studiert zu haben. Andreas Braunendal kooperiert aktuell mit unterschiedlichsten Grafikateliers, Werbe-, Event-, PR- und Brandingagenturen. Auf der k\u00fcnstlerischen Seite schrieb er vor einigen Jahren gemeinsam mit Robert Persch\u00e9 die Familienmusicals &#8222;Eine Weihnachtsgeschichte&#8220; (Jahr f\u00fcr Jahr in der Vorweihnachtszeit im Grazer Next Liberty), &#8222;Aladdin und die Wunderlampe&#8220; und\u00a0 &#8222;Der Zauberlehrling&#8220; (beide Oper Graz\/Next Liberty und B\u00fchne Baden).<\/p>\n<p><strong>\u00a0<a href=\"https:\/\/www.k3-verein.at\/wp-content\/uploads\/godi.jpg\"><img loading=\"lazy\" decoding=\"async\" class=\"alignnone size-full wp-image-95\" title=\"godi\" src=\"https:\/\/www.k3-verein.at\/wp-content\/uploads\/godi.jpg\" alt=\"\" width=\"123\" height=\"160\" \/><\/a><br \/>\nMag. (FH) Gottfried Reyer, Obmann-Stellvertreter<br \/>\n<\/strong><em>Marketingmanagement, \u00d6ffentlichskeitsarbeit, PR, Sponsoring<\/em><\/p>\n<p>geb. 1965 in Graz, seit 1993 in Judendorf<br \/>\nGr\u00fcnder der Arge \u201cJugend gegen Gewalt und Rassismus\u201c<br \/>\n10 Jahre Koordinator von schulischen u. au\u00dferschulischen Jugendinitiativprojekten im Amt der Steierm\u00e4rkischen Landesregierung<br \/>\n8 Jahre Marketingleiter Stra\u00dfenmagazin \u201eMegaphon\u201c<br \/>\nPR-Betreuer Homeless Worldcup Graz 2003,<br \/>\nPR Betreuer Homeless World Cup 2004 in G\u00f6teborg\/Schweden<br \/>\nPR Betreuer u. Teammanger\u00a0 Homeless World Cup 2005 in Edinburgh\/Schottland<br \/>\nPR Betreuer\u00a0 Homeless World Cup 2006 in Kapstadt\/S\u00fcdafika<br \/>\nPressesprecher bitgruppe<\/p>\n<p><strong>\u00a0<\/strong><\/p>\n<p><a href=\"https:\/\/www.k3-verein.at\/wp-content\/uploads\/Braunendal_Andrea_0046R13x18_rund.jpg\"><img loading=\"lazy\" decoding=\"async\" class=\"alignleft size-thumbnail wp-image-1436\" src=\"https:\/\/www.k3-verein.at\/wp-content\/uploads\/Braunendal_Andrea_0046R13x18_rund-150x150.jpg\" alt=\"\" width=\"150\" height=\"150\" srcset=\"https:\/\/www.k3-verein.at\/wp-content\/uploads\/Braunendal_Andrea_0046R13x18_rund-150x150.jpg 150w, https:\/\/www.k3-verein.at\/wp-content\/uploads\/Braunendal_Andrea_0046R13x18_rund-300x300.jpg 300w, https:\/\/www.k3-verein.at\/wp-content\/uploads\/Braunendal_Andrea_0046R13x18_rund-144x144.jpg 144w, https:\/\/www.k3-verein.at\/wp-content\/uploads\/Braunendal_Andrea_0046R13x18_rund.jpg 600w\" sizes=\"auto, (max-width: 150px) 100vw, 150px\" \/><\/a><\/p>\n<p><strong>Dr.med. Andrea Braunendal, Schriftf\u00fchrerin<\/strong><\/p>\n<p><em>Haus\u00e4rztin und Teil des Gesundheitszentrums Gratwein-Stra\u00dfengel<\/em><br \/>\nGeb. 1966 in Graz, seit 2001 in Gratwein-Stra\u00dfengel<br \/>\nAls Gattin des Obmanns ist sie von Beginn an in das Vereinsleben integriert, lange hinter den Kulissen bzw. an der Gastro-Front bei Veranstaltungen. W\u00e4hrend der Corona-Zeit sorgte sie als impfende \u00c4rztin daf\u00fcr, dass der Gro\u00dfteil unseres Publikums Konzerte und Lesungen besuchen durfte. Sie war es, die bei Veranstaltungen die verschiedenen Impfnachweise kontrollierte und wurde von mehr doer weniger allen Besucher*innen als Garant gesehen, K3-Konzerte &#8222;save&#8220; besuchen zu k\u00f6nnen. Vor einigen Jahren \u00fcbernahm sie im Vorstand die Rolle der Schriftf\u00fchrerin.<br \/>\nVerheiratet, zwei Kinder<\/p>\n<p><a href=\"https:\/\/www.k3-verein.at\/wp-content\/uploads\/Portrait_LisaB_klein.jpg\"><img loading=\"lazy\" decoding=\"async\" class=\"alignleft size-thumbnail wp-image-1435\" src=\"https:\/\/www.k3-verein.at\/wp-content\/uploads\/Portrait_LisaB_klein-150x150.jpg\" alt=\"\" width=\"150\" height=\"150\" srcset=\"https:\/\/www.k3-verein.at\/wp-content\/uploads\/Portrait_LisaB_klein-150x150.jpg 150w, https:\/\/www.k3-verein.at\/wp-content\/uploads\/Portrait_LisaB_klein-144x144.jpg 144w\" sizes=\"auto, (max-width: 150px) 100vw, 150px\" \/><\/a><\/p>\n<p><strong>Lisa Braunendal, Kassierin<br \/>\n<\/strong><\/p>\n<p><em>Geb. 1996 in Graz, Angestellte<\/em><\/p>\n<p>Lisa ist die dritte Kraft im Verein aus der Familie Braunendal, die ebenfalls schon &#8222;ewig&#8220; an der Schank, beim Auf- und Abbauen von Tischreihen, im Kartenverkauf und sonstwo mitarbeitet. Irgendwann war es so weit, dass sie Wert darauf legte, auch im Vorstand pr\u00e4sent zu sein, &#8222;denn das hat sie sich verdient&#8220;, wie sie selbst und wie wir alle meinen. Als besonders strukturierte Frau ist sie eine wertvolle Erg\u00e4nzung in einer kreativ gepr\u00e4gten Truppe &#8230;<\/p>\n","protected":false},"excerpt":{"rendered":"<p>Andreas Braunendal, Obmann Textarbeit, Konzeption, Projektkoordination Jahrgang 1962, vor gut 30 Jahren vom Journalismus in die Werbung abgewandert. Seit 20 Jahren als Textagentur selbstst\u00e4ndig mit Werbetexten und Kommunikationskonzepten f\u00fcr regionale, nationale und internationale Unternehmen. Architekturf\u00f6rderpreis der Stadt Graz (1992) ohne je Architektur studiert zu haben. Andreas Braunendal kooperiert aktuell mit unterschiedlichsten Grafikateliers, Werbe-, Event-, PR- [&hellip;]<\/p>\n","protected":false},"author":2,"featured_media":0,"parent":0,"menu_order":0,"comment_status":"closed","ping_status":"closed","template":"","meta":{"ngg_post_thumbnail":0,"footnotes":""},"class_list":["post-26","page","type-page","status-publish","hentry"],"_links":{"self":[{"href":"https:\/\/www.k3-verein.at\/index.php?rest_route=\/wp\/v2\/pages\/26","targetHints":{"allow":["GET"]}}],"collection":[{"href":"https:\/\/www.k3-verein.at\/index.php?rest_route=\/wp\/v2\/pages"}],"about":[{"href":"https:\/\/www.k3-verein.at\/index.php?rest_route=\/wp\/v2\/types\/page"}],"author":[{"embeddable":true,"href":"https:\/\/www.k3-verein.at\/index.php?rest_route=\/wp\/v2\/users\/2"}],"replies":[{"embeddable":true,"href":"https:\/\/www.k3-verein.at\/index.php?rest_route=%2Fwp%2Fv2%2Fcomments&post=26"}],"version-history":[{"count":36,"href":"https:\/\/www.k3-verein.at\/index.php?rest_route=\/wp\/v2\/pages\/26\/revisions"}],"predecessor-version":[{"id":1437,"href":"https:\/\/www.k3-verein.at\/index.php?rest_route=\/wp\/v2\/pages\/26\/revisions\/1437"}],"wp:attachment":[{"href":"https:\/\/www.k3-verein.at\/index.php?rest_route=%2Fwp%2Fv2%2Fmedia&parent=26"}],"curies":[{"name":"wp","href":"https:\/\/api.w.org\/{rel}","templated":true}]}}

<p><a href="https://www.k3-verein.at/wp-content/uploads/andi_b.jpg"><img loading="lazy" decoding="async" class="size-full wp-image-92 alignnone" title="andi_b" src="https://www.k3-verein.at/wp-content/uploads/andi_b.jpg" alt="" width="116" height="160" /></a><br />
<strong>Andreas Braunendal, Obmann<br />
</strong><em>Textarbeit, Konzeption, Projektkoordination</em></p>
<p>Jahrgang 1962, vor gut 30 Jahren vom Journalismus in die Werbung abgewandert. Seit 20 Jahren als Textagentur selbstständig mit Werbetexten und Kommunikationskonzepten für regionale, nationale und internationale Unternehmen. Architekturförderpreis der Stadt Graz (1992) ohne je Architektur studiert zu haben. Andreas Braunendal kooperiert aktuell mit unterschiedlichsten Grafikateliers, Werbe-, Event-, PR- und Brandingagenturen. Auf der künstlerischen Seite schrieb er vor einigen Jahren gemeinsam mit Robert Persché die Familienmusicals &#8222;Eine Weihnachtsgeschichte&#8220; (Jahr für Jahr in der Vorweihnachtszeit im Grazer Next Liberty), &#8222;Aladdin und die Wunderlampe&#8220; und  &#8222;Der Zauberlehrling&#8220; (beide Oper Graz/Next Liberty und Bühne Baden).</p>
<p><strong> <a href="https://www.k3-verein.at/wp-content/uploads/godi.jpg"><img loading="lazy" decoding="async" class="alignnone size-full wp-image-95" title="godi" src="https://www.k3-verein.at/wp-content/uploads/godi.jpg" alt="" width="123" height="160" /></a><br />
Mag. (FH) Gottfried Reyer, Obmann-Stellvertreter<br />
</strong><em>Marketingmanagement, Öffentlichskeitsarbeit, PR, Sponsoring</em></p>
<p>geb. 1965 in Graz, seit 1993 in Judendorf<br />
Gründer der Arge “Jugend gegen Gewalt und Rassismus“<br />
10 Jahre Koordinator von schulischen u. außerschulischen Jugendinitiativprojekten im Amt der Steiermärkischen Landesregierung<br />
8 Jahre Marketingleiter Straßenmagazin „Megaphon“<br />
PR-Betreuer Homeless Worldcup Graz 2003,<br />
PR Betreuer Homeless World Cup 2004 in Göteborg/Schweden<br />
PR Betreuer u. Teammanger  Homeless World Cup 2005 in Edinburgh/Schottland<br />
PR Betreuer  Homeless World Cup 2006 in Kapstadt/Südafika<br />
Pressesprecher bitgruppe</p>
<p><strong> </strong></p>
<p><a href="https://www.k3-verein.at/wp-content/uploads/Braunendal_Andrea_0046R13x18_rund.jpg"><img loading="lazy" decoding="async" class="alignleft size-thumbnail wp-image-1436" src="https://www.k3-verein.at/wp-content/uploads/Braunendal_Andrea_0046R13x18_rund-150x150.jpg" alt="" width="150" height="150" srcset="https://www.k3-verein.at/wp-content/uploads/Braunendal_Andrea_0046R13x18_rund-150x150.jpg 150w, https://www.k3-verein.at/wp-content/uploads/Braunendal_Andrea_0046R13x18_rund-300x300.jpg 300w, https://www.k3-verein.at/wp-content/uploads/Braunendal_Andrea_0046R13x18_rund-144x144.jpg 144w, https://www.k3-verein.at/wp-content/uploads/Braunendal_Andrea_0046R13x18_rund.jpg 600w" sizes="auto, (max-width: 150px) 100vw, 150px" /></a></p>
<p><strong>Dr.med. Andrea Braunendal, Schriftführerin</strong></p>
<p><em>Hausärztin und Teil des Gesundheitszentrums Gratwein-Straßengel</em><br />
Geb. 1966 in Graz, seit 2001 in Gratwein-Straßengel<br />
Als Gattin des Obmanns ist sie von Beginn an in das Vereinsleben integriert, lange hinter den Kulissen bzw. an der Gastro-Front bei Veranstaltungen. Während der Corona-Zeit sorgte sie als impfende Ärztin dafür, dass der Großteil unseres Publikums Konzerte und Lesungen besuchen durfte. Sie war es, die bei Veranstaltungen die verschiedenen Impfnachweise kontrollierte und wurde von mehr doer weniger allen Besucher*innen als Garant gesehen, K3-Konzerte &#8222;save&#8220; besuchen zu können. Vor einigen Jahren übernahm sie im Vorstand die Rolle der Schriftführerin.<br />
Verheiratet, zwei Kinder</p>
<p><a href="https://www.k3-verein.at/wp-content/uploads/Portrait_LisaB_klein.jpg"><img loading="lazy" decoding="async" class="alignleft size-thumbnail wp-image-1435" src="https://www.k3-verein.at/wp-content/uploads/Portrait_LisaB_klein-150x150.jpg" alt="" width="150" height="150" srcset="https://www.k3-verein.at/wp-content/uploads/Portrait_LisaB_klein-150x150.jpg 150w, https://www.k3-verein.at/wp-content/uploads/Portrait_LisaB_klein-144x144.jpg 144w" sizes="auto, (max-width: 150px) 100vw, 150px" /></a></p>
<p><strong>Lisa Braunendal, Kassierin<br />
</strong></p>
<p><em>Geb. 1996 in Graz, Angestellte</em></p>
<p>Lisa ist die dritte Kraft im Verein aus der Familie Braunendal, die ebenfalls schon &#8222;ewig&#8220; an der Schank, beim Auf- und Abbauen von Tischreihen, im Kartenverkauf und sonstwo mitarbeitet. Irgendwann war es so weit, dass sie Wert darauf legte, auch im Vorstand präsent zu sein, &#8222;denn das hat sie sich verdient&#8220;, wie sie selbst und wie wir alle meinen. Als besonders strukturierte Frau ist sie eine wertvolle Ergänzung in einer kreativ geprägten Truppe &#8230;</p>

<p>Andreas Braunendal, Obmann Textarbeit, Konzeption, Projektkoordination Jahrgang 1962, vor gut 30 Jahren vom Journalismus in die Werbung abgewandert. Seit 20 Jahren als Textagentur selbstständig mit Werbetexten und Kommunikationskonzepten für regionale, nationale und internationale Unternehmen. Architekturförderpreis der Stadt Graz (1992) ohne je Architektur studiert zu haben. Andreas Braunendal kooperiert aktuell mit unterschiedlichsten Grafikateliers, Werbe-, Event-, PR- [&hellip;]</p>
